List the prime factors of 478104790.
2, 5, 19, 132439
What are the prime factors of 71295081?
3, 11, 13, 166189
What are the prime factors of 79363586?
2, 39681793
What are the prime factors of 1667649994?
2, 43, 3797, 5107
What are the prime factors of 35179457?
613, 57389
What are the prime factors of 420293627?
13, 32330279
List the prime factors of 20433671.
271, 75401
List the prime factors of 184772206.
2, 257, 359479
What are the prime factors of 879708805?
5, 175941761
List the prime factors of 84056038.
2, 11, 19, 101, 181
List the prime factors of 926092971.
3, 89, 1156171
List the prime factors of 94121987.
94121987
List the prime factors of 66772636.
2, 7, 31, 43, 1789
What are the prime factors of 83253842?
2, 7, 167, 5087
List the prime factors of 7763420.
2, 5, 7, 23, 2411
List the prime factors of 16564268.
2, 7, 591581
List the prime factors of 48322316.
2, 7, 71, 109, 223
What are the prime factors of 4327517?
383, 11299
What are the prime factors of 551333288?
2, 11, 59, 106189
List the prime factors of 12143999.
7, 307, 5651
List the prime factors of 1199226439.
19, 293, 215417
List the prime factors of 657388360.
2, 5, 73, 225133
List the prime factors of 24220493.
11, 1151, 1913
List the prime factors of 68536222.
2, 29, 263, 4493
What are the prime factors of 410720074?
2, 19, 10808423
List the prime factors of 55616721.
3, 1249, 14843
List the prime factors of 86957071.
86957071
What are the prime factors of 353768158?
2, 29, 61, 99991
What are the prime factors of 122212746?
2, 3, 1019, 2221
List the prime factors of 185211090.
2, 3, 5, 17, 40351
List the prime factors of 4425071960.
2, 5, 83, 1332853
List the prime factors of 165723803.
7, 17, 683, 2039
What are the prime factors of 1259118778?
2, 89, 7073701
What are the prime factors of 2016943719?
3, 7, 96044939
What are the prime factors of 2135998215?
3, 5, 13, 1217093
List the prime factors of 8161034978.
2, 4080517489
What are the prime factors of 222461187?
3, 13, 131, 43543
List the prime factors of 56869019.
61, 79, 11801
What are the prime factors of 310706693?
11, 28246063
What are the prime factors of 415913967?
3, 7, 2200603
What are the prime factors of 1410898998?
2, 3, 19, 67, 184721
What are the prime factors of 51322589?
37, 751, 1847
List the prime factors of 796666020.
2, 3, 5, 79, 131, 1283
List the prime factors of 896626679.
13, 1381, 49943
What are the prime factors of 17370681?
3, 23, 29, 8681
What are the prime factors of 195520305?
3, 5, 13034687
List the prime factors of 107893834.
2, 53946917
List the prime factors of 3582614041.
3582614041
What are the prime factors of 35196649?
35196649
What are the prime factors of 24720939?
3, 73, 191, 197
List the prime factors of 66123126.
2, 3, 3673507
List the prime factors of 1422189757.
17, 37, 53, 1153
What are the prime factors of 29262877?
7, 23, 181757
List the prime factors of 281139114.
2, 3, 5701, 8219
List the prime factors of 713443379.
11, 64858489
What are the prime factors of 43358846?
2, 863, 25121
List the prime factors of 93366827.
149, 626623
What are the prime factors of 208666321?
208666321
What are the prime factors of 45654786?
2, 3, 845459
What are the prime factors of 1081838?
2, 31, 17449
What are the prime factors of 825098707?
825098707
List the prime factors of 696157470.
2, 3, 5, 29, 67, 1327
What are the prime factors of 4349355?
3, 5, 289957
What are the prime factors of 37688154?
2, 3, 7, 18313
List the prime factors of 3167700255.
3, 5, 167, 421517
List the prime factors of 13018662.
2, 3, 723259
List the prime factors of 120220520.
2, 5, 7, 83, 739
What are the prime factors of 7759806924?
2, 3, 646650577
List the prime factors of 286137809.
29, 113, 87317
What are the prime factors of 454748637?
3, 7, 21654697
What are the prime factors of 78870326?
2, 293, 134591
List the prime factors of 87020900.
2, 5, 373, 2333
List the prime factors of 445133533.
13, 34241041
What are the prime factors of 438045010?
2, 5, 13, 3369577
List the prime factors of 3927803651.
3927803651
What are the prime factors of 1429526165?
5, 285905233
List the prime factors of 545779583.
31, 163, 108011
What are the prime factors of 12300740?
2, 5, 431, 1427
What are the prime factors of 60400108?
2, 15100027
List the prime factors of 59000065.
5, 29, 109, 3733
List the prime factors of 4992904.
2, 7, 47, 271
What are the prime factors of 5762450920?
2, 5, 144061273
List the prime factors of 175029640.
2, 5, 367, 11923
What are the prime factors of 142559458?
2, 59, 1208131
What are the prime factors of 441098003?
441098003
What are the prime factors of 201867209?
47, 1741, 2467
List the prime factors of 125821510.
2, 5, 419, 30029
What are the prime factors of 168068366?
2, 5717, 14699
What are the prime factors of 704448980?
2, 5, 35222449
List the prime factors of 563130037.
19, 647, 2411
List the prime factors of 146668900.
2, 5, 7, 191, 1097
What are the prime factors of 745136210?
2, 5, 7, 13, 62987
What are the prime factors of 42663651?
3, 157, 239, 379
What are the prime factors of 1323959974?
2, 37, 73, 245087
List the prime factors of 49353651.
3, 769, 2377
List the prime factors of 147745030.
2, 5, 14774503
List the prime factors of 171132169.
13, 503, 26171
What are the prime factors of 26291852?
2, 23, 285781
What are the prime factors of 69153708?
2, 3, 13, 443293
List the prime factors of 318058077.
3, 2833, 37423
What are the prime factors of 42897409?
17, 29, 87013
List the prime factors of 223075128.
2, 3, 337, 27581
List the prime factors of 376975176.
2, 3, 29, 541631
What are the prime factors of 2688634453?
137, 19625069
List the prime factors of 77675168.
2, 2427349
List the prime factors of 2497310385.
3, 5, 3911, 42569
What are the prime factors of 54014114?
2, 7, 11, 350741
What are the prime factors of 2516804082?
2, 3, 13, 179, 20029
List the prime factors of 538130963.
538130963
What are the prime factors of 648160374?
2, 3, 108026729
List the prime factors of 4859270988.
2, 3, 11, 13, 73, 38791
What are the prime factors of 2495951410?
2, 5, 29, 8606729
What are the prime factors of 24829661?
739, 33599
What are the prime factors of 519677352?
2, 3, 17, 424573
What are the prime factors of 1626086453?
23, 70699411
List the prime factors of 12570306.
2, 3, 7, 37, 8089
What are the prime factors of 58175041?
1303, 44647
List the prime factors of 104961729.
3, 34987243
List the prime factors of 104811650.
2, 5, 2096233
List the prime factors of 11603526.
2, 3, 11, 175811
List the prime factors of 406912355.
5, 31, 2625241
What are the prime factors of 8251054?
2, 7, 19, 31019
List the prime factors of 1528640842.
2, 1543, 495347
List the prime factors of 1830038804.
2, 11, 67, 620773
What are the prime factors of 834465813?
3, 397, 700643
What are the prime factors of 2629683051?
3, 41, 3659, 5843
What are the prime factors of 228312661?
228312661
What are the prime factors of 77944057?
77944057
List the prime factors of 370783811.
370783811
What are the prime factors of 1553125630?
2, 5, 7, 22187509
What are the prime factors of 11168065?
5, 17, 83, 1583
What are the prime factors of 2569817324?
2, 23, 4007, 6971
List the prime factors of 142084333.
479, 296627
List the prime factors of 318808360.
2, 5, 13, 47161
List the prime factors of 299822103.
3, 7, 4759081
What are the prime factors of 89913383?
7, 1834967
List the prime factors of 78843700.
2, 5, 13, 60649
What are the prime factors of 624539663?
11, 56776333
What are the prime factors of 8981941?
8981941
List the prime factors of 698237132.
2, 257, 679219
What are the prime factors of 65537218?
2, 647, 50647
List the prime factors of 1260625159.
691, 1824349
What are the prime factors of 96713577?
3, 227, 47339
What are the prime factors of 361550125?
5, 37, 78173
What are the prime factors of 6186735?
3, 5, 137483
What are the prime factors of 5635776?
2, 3, 149, 197
List the prime factors of 12828810.
2, 3, 5, 79, 5413
What are the prime factors of 937447362?
2, 3, 443, 117563
What are the prime factors of 41415351?
3, 13805117
What are the prime factors of 72646720?
2, 5, 379, 599
What are the prime factors of 1512684352?
2, 23635693
List the prime factors of 43388881.
71, 611111
What are the pr